{"id":88621,"date":"2024-08-15T08:29:22","date_gmt":"2024-08-15T12:29:22","guid":{"rendered":"https:\/\/www.aquitheaterberlin.de\/?page_id=88621"},"modified":"2024-08-22T13:37:14","modified_gmt":"2024-08-22T17:37:14","slug":"beatriz-silva","status":"publish","type":"page","link":"https:\/\/www.aquitheaterberlin.de\/de\/beatriz-silva\/","title":{"rendered":"Beatriz Silva"},"content":{"rendered":"<p>[et_pb_section fb_built=\u00bb1&#8243; _builder_version=\u00bb4.27.0&#8243; _module_preset=\u00bbdefault\u00bb background_color=\u00bb#6894A2&#8243; custom_padding=\u00bb174px|||||\u00bb global_colors_info=\u00bb{}\u00bb theme_builder_area=\u00bbpost_content\u00bb][et_pb_row column_structure=\u00bb1_2,1_2&#8243; _builder_version=\u00bb4.27.0&#8243; _module_preset=\u00bbdefault\u00bb animation_style=\u00bbfade\u00bb global_colors_info=\u00bb{}\u00bb theme_builder_area=\u00bbpost_content\u00bb][et_pb_column type=\u00bb1_2&#8243; _builder_version=\u00bb4.27.0&#8243; _module_preset=\u00bbdefault\u00bb global_colors_info=\u00bb{}\u00bb theme_builder_area=\u00bbpost_content\u00bb][et_pb_text _builder_version=\u00bb4.24.1&#8243; _module_preset=\u00bbdefault\u00bb text_font=\u00bbRoboto|600|||||||\u00bb text_text_color=\u00bb#FFFFFF\u00bb text_font_size=\u00bb12px\u00bb text_letter_spacing=\u00bb2px\u00bb text_line_height=\u00bb1em\u00bb global_colors_info=\u00bb{}\u00bb theme_builder_area=\u00bbpost_content\u00bb]<span>CORE\u00d3GRAFA, BAILARINA Y PEDAGOGA DE DANZA<\/span>[\/et_pb_text][et_pb_text _builder_version=\u00bb4.24.1&#8243; _module_preset=\u00bbdefault\u00bb header_3_font=\u00bbRoboto Condensed|700||on|||||\u00bb header_3_text_align=\u00bbleft\u00bb header_3_text_color=\u00bb#ffffff\u00bb header_3_font_size=\u00bb34px\u00bb header_3_letter_spacing=\u00bb-1px\u00bb header_3_line_height=\u00bb1.2em\u00bb custom_margin=\u00bb-5px||||false|false\u00bb custom_margin_tablet=\u00bb-15px||||false|false\u00bb custom_margin_phone=\u00bb-15px||||false|false\u00bb custom_margin_last_edited=\u00bbon|phone\u00bb header_3_font_size_tablet=\u00bb\u00bb header_3_font_size_phone=\u00bb30px\u00bb header_3_font_size_last_edited=\u00bbon|phone\u00bb global_colors_info=\u00bb{}\u00bb theme_builder_area=\u00bbpost_content\u00bb]<\/p>\n<h3><b>Beatriz Silva<\/b><\/h3>\n<p>[\/et_pb_text][et_pb_text _builder_version=\u00bb4.24.1&#8243; _module_preset=\u00bbdefault\u00bb text_font=\u00bbRoboto|300|||||||\u00bb text_text_color=\u00bbrgba(255, 255, 255, 0.8);\u00bb text_font_size=\u00bb16px\u00bb text_line_height=\u00bb1.8em\u00bb link_font=\u00bbRoboto||||||||\u00bb link_text_color=\u00bb#891F69&#8243; custom_margin=\u00bb-6px||||false|false\u00bb global_colors_info=\u00bb{}\u00bb theme_builder_area=\u00bbpost_content\u00bb]<\/p>\n<p>Beatriz Silva Aranda es una bailarina, core\u00f3grafa y maestra de danza contempor\u00e1nea chilena. Estudi\u00f3 danza en la Universidad de Chile en Santiago de Chile y se gradu\u00f3 con un t\u00edtulo de licenciatura en Artes, menci\u00f3n en Danza en 2017. Desde 2018, Beatriz vive en Berl\u00edn. Complet\u00f3 el Programa de Entrenamiento de Artistas en la UDK Berl\u00edn y estudi\u00f3 teor\u00edas feministas en la Open University de la Universidad de Chile. El a\u00f1o 2023 se integra el equipo de AQUI como core\u00f3grafa y pedagoga de danza, dirigiendo entre otros el proyecto \u201cQu\u00e9 te mueve\u201d para ni\u00f1as y disidencias.<br \/>En los \u00faltimos a\u00f1os, su trabajo se centra en temas humanos, sociales, pol\u00edticos y ecol\u00f3gicos, con una perspectiva feminista y decolonial, plasmados en su proyecto actual \u00abK\u00f6rperterritorium\u00bb. Actualmente trabaja como artista creadora de sus propias obras interdisciplinares y coreogr\u00e1ficas, y adem\u00e1s colabora de manera independiente con diversos artistas de la UE, Inglaterra, Corea, Taiw\u00e1n y Am\u00e9rica Latina.<br \/>En AQUItheater se desarrolla como core\u00f3grafa, directora y pedagoga de danza.<\/p>\n<p>Website: <a href=\"http:\/\/beatrizsiar.wixsite.com\">http:\/\/beatrizsiar.wixsite.com<\/a><\/p>\n<p>[\/et_pb_text][et_pb_social_media_follow _builder_version=\u00bb4.27.0&#8243; _module_preset=\u00bbdefault\u00bb hover_enabled=\u00bb0&#8243; global_colors_info=\u00bb{}\u00bb theme_builder_area=\u00bbpost_content\u00bb sticky_enabled=\u00bb0&#8243;][et_pb_social_media_follow_network social_network=\u00bbinstagram\u00bb url=\u00bbhttps:\/\/www.instagram.com\/beattsilva\/\u00bb _builder_version=\u00bb4.27.0&#8243; _module_preset=\u00bbdefault\u00bb background_color=\u00bb#891F69&#8243; background_enable_color=\u00bbon\u00bb hover_enabled=\u00bb0&#8243; global_colors_info=\u00bb{}\u00bb theme_builder_area=\u00bbpost_content\u00bb follow_button=\u00bboff\u00bb url_new_window=\u00bbon\u00bb sticky_enabled=\u00bb0&#8243;]instagram[\/et_pb_social_media_follow_network][\/et_pb_social_media_follow][\/et_pb_column][et_pb_column type=\u00bb1_2&#8243; _builder_version=\u00bb4.27.0&#8243; _module_preset=\u00bbdefault\u00bb global_colors_info=\u00bb{}\u00bb theme_builder_area=\u00bbpost_content\u00bb][wdcl_image_carousel slide_count=\u00bb1&#8243; _builder_version=\u00bb4.27.0&#8243; _module_preset=\u00bbdefault\u00bb hover_enabled=\u00bb0&#8243; global_colors_info=\u00bb{}\u00bb theme_builder_area=\u00bbpost_content\u00bb sticky_enabled=\u00bb0&#8243;][wdcl_image_carousel_child photo=\u00bbhttps:\/\/www.aquitheaterberlin.de\/wp-content\/uploads\/2024\/04\/Beatriz-Silva_retrato.jpg\u00bb _builder_version=\u00bb4.27.0&#8243; hover_enabled=\u00bb0&#8243; global_colors_info=\u00bb{}\u00bb theme_builder_area=\u00bbpost_content\u00bb title_text=\u00bbBeatriz Silva_retrato\u00bb sticky_enabled=\u00bb0&#8243;][\/wdcl_image_carousel_child][wdcl_image_carousel_child photo=\u00bbhttps:\/\/www.aquitheaterberlin.de\/wp-content\/uploads\/2024\/08\/Beatriz-Silva_kunst.jpg\u00bb _builder_version=\u00bb4.27.0&#8243; hover_enabled=\u00bb0&#8243; global_colors_info=\u00bb{}\u00bb theme_builder_area=\u00bbpost_content\u00bb title_text=\u00bbBeatriz Silva_kunst\u00bb sticky_enabled=\u00bb0&#8243;][\/wdcl_image_carousel_child][\/wdcl_image_carousel][\/et_pb_column][\/et_pb_row][\/et_pb_section]<\/p>\n","protected":false},"excerpt":{"rendered":"<p>CORE\u00d3GRAFA, BAILARINA Y PEDAGOGA DE DANZABeatriz SilvaBeatriz Silva Aranda es una bailarina, core\u00f3grafa y maestra de danza contempor\u00e1nea chilena. Estudi\u00f3 danza en la Universidad de Chile en Santiago de Chile y se gradu\u00f3 con un t\u00edtulo de licenciatura en Artes, menci\u00f3n en Danza en 2017. Desde 2018, Beatriz vive en Berl\u00edn. Complet\u00f3 el Programa de [&hellip;]<\/p>\n","protected":false},"author":1,"featured_media":0,"parent":0,"menu_order":0,"comment_status":"closed","ping_status":"closed","template":"","meta":{"_et_pb_use_builder":"on","_et_pb_old_content":"","_et_gb_content_width":"","footnotes":""},"class_list":["post-88621","page","type-page","status-publish","hentry"],"_links":{"self":[{"href":"https:\/\/www.aquitheaterberlin.de\/de\/wp-json\/wp\/v2\/pages\/88621","targetHints":{"allow":["GET"]}}],"collection":[{"href":"https:\/\/www.aquitheaterberlin.de\/de\/wp-json\/wp\/v2\/pages"}],"about":[{"href":"https:\/\/www.aquitheaterberlin.de\/de\/wp-json\/wp\/v2\/types\/page"}],"author":[{"embeddable":true,"href":"https:\/\/www.aquitheaterberlin.de\/de\/wp-json\/wp\/v2\/users\/1"}],"replies":[{"embeddable":true,"href":"https:\/\/www.aquitheaterberlin.de\/de\/wp-json\/wp\/v2\/comments?post=88621"}],"version-history":[{"count":5,"href":"https:\/\/www.aquitheaterberlin.de\/de\/wp-json\/wp\/v2\/pages\/88621\/revisions"}],"predecessor-version":[{"id":88826,"href":"https:\/\/www.aquitheaterberlin.de\/de\/wp-json\/wp\/v2\/pages\/88621\/revisions\/88826"}],"wp:attachment":[{"href":"https:\/\/www.aquitheaterberlin.de\/de\/wp-json\/wp\/v2\/media?parent=88621"}],"curies":[{"name":"wp","href":"https:\/\/api.w.org\/{rel}","templated":true}]}}

<p>[et_pb_section fb_built=»1&#8243; _builder_version=»4.27.0&#8243; _module_preset=»default» background_color=»#6894A2&#8243; custom_padding=»174px|||||» global_colors_info=»{}» theme_builder_area=»post_content»][et_pb_row column_structure=»1_2,1_2&#8243; _builder_version=»4.27.0&#8243; _module_preset=»default» animation_style=»fade» global_colors_info=»{}» theme_builder_area=»post_content»][et_pb_column type=»1_2&#8243; _builder_version=»4.27.0&#8243; _module_preset=»default» global_colors_info=»{}» theme_builder_area=»post_content»][et_pb_text _builder_version=»4.24.1&#8243; _module_preset=»default» text_font=»Roboto|600|||||||» text_text_color=»#FFFFFF» text_font_size=»12px» text_letter_spacing=»2px» text_line_height=»1em» global_colors_info=»{}» theme_builder_area=»post_content»]<span>COREÓGRAFA, BAILARINA Y PEDAGOGA DE DANZA</span>[/et_pb_text][et_pb_text _builder_version=»4.24.1&#8243; _module_preset=»default» header_3_font=»Roboto Condensed|700||on|||||» header_3_text_align=»left» header_3_text_color=»#ffffff» header_3_font_size=»34px» header_3_letter_spacing=»-1px» header_3_line_height=»1.2em» custom_margin=»-5px||||false|false» custom_margin_tablet=»-15px||||false|false» custom_margin_phone=»-15px||||false|false» custom_margin_last_edited=»on|phone» header_3_font_size_tablet=»» header_3_font_size_phone=»30px» header_3_font_size_last_edited=»on|phone» global_colors_info=»{}» theme_builder_area=»post_content»]</p>
<h3><b>Beatriz Silva</b></h3>
<p>[/et_pb_text][et_pb_text _builder_version=»4.24.1&#8243; _module_preset=»default» text_font=»Roboto|300|||||||» text_text_color=»rgba(255, 255, 255, 0.8);» text_font_size=»16px» text_line_height=»1.8em» link_font=»Roboto||||||||» link_text_color=»#891F69&#8243; custom_margin=»-6px||||false|false» global_colors_info=»{}» theme_builder_area=»post_content»]</p>
<p>Beatriz Silva Aranda es una bailarina, coreógrafa y maestra de danza contemporánea chilena. Estudió danza en la Universidad de Chile en Santiago de Chile y se graduó con un título de licenciatura en Artes, mención en Danza en 2017. Desde 2018, Beatriz vive en Berlín. Completó el Programa de Entrenamiento de Artistas en la UDK Berlín y estudió teorías feministas en la Open University de la Universidad de Chile. El año 2023 se integra el equipo de AQUI como coreógrafa y pedagoga de danza, dirigiendo entre otros el proyecto “Qué te mueve” para niñas y disidencias.<br />En los últimos años, su trabajo se centra en temas humanos, sociales, políticos y ecológicos, con una perspectiva feminista y decolonial, plasmados en su proyecto actual «Körperterritorium». Actualmente trabaja como artista creadora de sus propias obras interdisciplinares y coreográficas, y además colabora de manera independiente con diversos artistas de la UE, Inglaterra, Corea, Taiwán y América Latina.<br />En AQUItheater se desarrolla como coreógrafa, directora y pedagoga de danza.</p>
<p>Website: <a href="http://beatrizsiar.wixsite.com">http://beatrizsiar.wixsite.com</a></p>
<p>[/et_pb_text][et_pb_social_media_follow _builder_version=»4.27.0&#8243; _module_preset=»default» hover_enabled=»0&#8243; global_colors_info=»{}» theme_builder_area=»post_content» sticky_enabled=»0&#8243;][et_pb_social_media_follow_network social_network=»instagram» url=»https://www.instagram.com/beattsilva/» _builder_version=»4.27.0&#8243; _module_preset=»default» background_color=»#891F69&#8243; background_enable_color=»on» hover_enabled=»0&#8243; global_colors_info=»{}» theme_builder_area=»post_content» follow_button=»off» url_new_window=»on» sticky_enabled=»0&#8243;]instagram[/et_pb_social_media_follow_network][/et_pb_social_media_follow][/et_pb_column][et_pb_column type=»1_2&#8243; _builder_version=»4.27.0&#8243; _module_preset=»default» global_colors_info=»{}» theme_builder_area=»post_content»][wdcl_image_carousel slide_count=»1&#8243; _builder_version=»4.27.0&#8243; _module_preset=»default» hover_enabled=»0&#8243; global_colors_info=»{}» theme_builder_area=»post_content» sticky_enabled=»0&#8243;][wdcl_image_carousel_child photo=»https://www.aquitheaterberlin.de/wp-content/uploads/2024/04/Beatriz-Silva_retrato.jpg» _builder_version=»4.27.0&#8243; hover_enabled=»0&#8243; global_colors_info=»{}» theme_builder_area=»post_content» title_text=»Beatriz Silva_retrato» sticky_enabled=»0&#8243;][/wdcl_image_carousel_child][wdcl_image_carousel_child photo=»https://www.aquitheaterberlin.de/wp-content/uploads/2024/08/Beatriz-Silva_kunst.jpg» _builder_version=»4.27.0&#8243; hover_enabled=»0&#8243; global_colors_info=»{}» theme_builder_area=»post_content» title_text=»Beatriz Silva_kunst» sticky_enabled=»0&#8243;][/wdcl_image_carousel_child][/wdcl_image_carousel][/et_pb_column][/et_pb_row][/et_pb_section]</p>

<p>COREÓGRAFA, BAILARINA Y PEDAGOGA DE DANZABeatriz SilvaBeatriz Silva Aranda es una bailarina, coreógrafa y maestra de danza contemporánea chilena. Estudió danza en la Universidad de Chile en Santiago de Chile y se graduó con un título de licenciatura en Artes, mención en Danza en 2017. Desde 2018, Beatriz vive en Berlín. Completó el Programa de [&hellip;]</p>
