{"id":88658,"date":"2024-08-15T08:30:15","date_gmt":"2024-08-15T12:30:15","guid":{"rendered":"https:\/\/www.aquitheaterberlin.de\/?page_id=88658"},"modified":"2024-08-22T15:45:45","modified_gmt":"2024-08-22T19:45:45","slug":"irene-g-chana","status":"publish","type":"page","link":"https:\/\/www.aquitheaterberlin.de\/de\/irene-g-chana\/","title":{"rendered":"Irene G. Chana"},"content":{"rendered":"<p>[et_pb_section fb_built=\u00bb1&#8243; _builder_version=\u00bb4.27.0&#8243; _module_preset=\u00bbdefault\u00bb background_color=\u00bb#6894A2&#8243; custom_padding=\u00bb174px|||||\u00bb global_colors_info=\u00bb{}\u00bb theme_builder_area=\u00bbpost_content\u00bb][et_pb_row column_structure=\u00bb1_2,1_2&#8243; _builder_version=\u00bb4.27.0&#8243; _module_preset=\u00bbdefault\u00bb animation_style=\u00bbfade\u00bb global_colors_info=\u00bb{}\u00bb theme_builder_area=\u00bbpost_content\u00bb][et_pb_column type=\u00bb1_2&#8243; _builder_version=\u00bb4.27.0&#8243; _module_preset=\u00bbdefault\u00bb global_colors_info=\u00bb{}\u00bb theme_builder_area=\u00bbpost_content\u00bb][et_pb_text _builder_version=\u00bb4.24.1&#8243; _module_preset=\u00bbdefault\u00bb text_font=\u00bbRoboto|600|||||||\u00bb text_text_color=\u00bb#FFFFFF\u00bb text_font_size=\u00bb12px\u00bb text_letter_spacing=\u00bb2px\u00bb text_line_height=\u00bb1em\u00bb global_colors_info=\u00bb{}\u00bb theme_builder_area=\u00bbpost_content\u00bb]<\/p>\n<div class=\"flex-shrink-0 flex flex-col relative items-end\">\n<div class=\"pt-0\">\n<div class=\"gizmo-bot-avatar flex h-8 w-8 items-center justify-center overflow-hidden rounded-full\">\n<div class=\"relative p-1 rounded-sm flex items-center justify-center bg-token-main-surface-primary text-token-text-primary h-8 w-8\"><span>DISE\u00d1ADORA GR\u00c1FICA, ILUSTRADORA Y PEDAGOGA DE ARTES VISUALES<\/span><\/div>\n<\/div>\n<\/div>\n<\/div>\n<p>[\/et_pb_text][et_pb_text _builder_version=\u00bb4.24.1&#8243; _module_preset=\u00bbdefault\u00bb header_3_font=\u00bbRoboto Condensed|700||on|||||\u00bb header_3_text_align=\u00bbleft\u00bb header_3_text_color=\u00bb#ffffff\u00bb header_3_font_size=\u00bb34px\u00bb header_3_letter_spacing=\u00bb-1px\u00bb header_3_line_height=\u00bb1.2em\u00bb custom_margin=\u00bb-5px||||false|false\u00bb custom_margin_tablet=\u00bb-15px||||false|false\u00bb custom_margin_phone=\u00bb-15px||||false|false\u00bb custom_margin_last_edited=\u00bbon|phone\u00bb header_3_font_size_tablet=\u00bb\u00bb header_3_font_size_phone=\u00bb30px\u00bb header_3_font_size_last_edited=\u00bbon|phone\u00bb global_colors_info=\u00bb{}\u00bb theme_builder_area=\u00bbpost_content\u00bb]<\/p>\n<h3><b>Irene G. Chana<\/b><\/h3>\n<p>[\/et_pb_text][et_pb_text _builder_version=\u00bb4.24.1&#8243; _module_preset=\u00bbdefault\u00bb text_font=\u00bbRoboto|300|||||||\u00bb text_text_color=\u00bbrgba(255, 255, 255, 0.8);\u00bb text_font_size=\u00bb16px\u00bb text_line_height=\u00bb1.8em\u00bb link_font=\u00bbRoboto||||||||\u00bb link_text_color=\u00bb#891F69&#8243; custom_margin=\u00bb-6px||||false|false\u00bb global_colors_info=\u00bb{}\u00bb theme_builder_area=\u00bbpost_content\u00bb]<\/p>\n<p><span style=\"font-weight: 400;\">Irene Gonz\u00e1lez Chana es dise\u00f1adora gr\u00e1fica e ilustradora licenciada en Bellas Artes por la Universidad de Salamanca. Vive en Berl\u00edn desde hace muchos a\u00f1os, donde cre\u00f3 el estudio \u201cenblanco\u201d, en el que produce desde proyectos ilustrados autoeditados hasta dise\u00f1o editorial, carteles y otras publicaciones para instituciones y centros culturales. Con una formaci\u00f3n en pedagog\u00eda dirige proyectos de arte y talleres en colegios y Kitas, muchos de ellos dirigidos a ni\u00f1os\/as con historial migratorio. Adem\u00e1s forma parte del equipo de Cervantes Kinder del Instituto Cervantes de Berl\u00edn. El a\u00f1o 2024 se suma al equipo de AQUI con talleres mutlidisciplinarios dirigidos a ni\u00f1as y disidencias. Dentro de la variedad de talleres ofrecidos por Irene, est\u00e1n los que se enfocan en el arte gr\u00e1fico y la autoedici\u00f3n de libros y carteles empleando diferentes t\u00e9cnicas de estampaci\u00f3n.<\/span><\/p>\n<p><span style=\"font-weight: 400;\">En AQUItheater se desarrolla como pedagoga de las artes visuales.\u00a0<\/span><\/p>\n<p><span style=\"font-weight: 400;\">Website: <\/span><a href=\"http:\/\/www.enblanco-studio.de\/\"><span style=\"font-weight: 400;\">www.enblanco-studio.de<\/span><\/a><\/p>\n<p>[\/et_pb_text][et_pb_social_media_follow _builder_version=\u00bb4.27.0&#8243; _module_preset=\u00bbdefault\u00bb hover_enabled=\u00bb0&#8243; global_colors_info=\u00bb{}\u00bb theme_builder_area=\u00bbpost_content\u00bb sticky_enabled=\u00bb0&#8243;][et_pb_social_media_follow_network social_network=\u00bbinstagram\u00bb url=\u00bbhttps:\/\/www.instagram.com\/enblanco_studio\/\u00bb _builder_version=\u00bb4.27.0&#8243; _module_preset=\u00bbdefault\u00bb background_color=\u00bb#891F69&#8243; background_enable_color=\u00bbon\u00bb hover_enabled=\u00bb0&#8243; global_colors_info=\u00bb{}\u00bb theme_builder_area=\u00bbpost_content\u00bb follow_button=\u00bboff\u00bb url_new_window=\u00bbon\u00bb sticky_enabled=\u00bb0&#8243;]instagram[\/et_pb_social_media_follow_network][\/et_pb_social_media_follow][\/et_pb_column][et_pb_column type=\u00bb1_2&#8243; _builder_version=\u00bb4.27.0&#8243; _module_preset=\u00bbdefault\u00bb global_colors_info=\u00bb{}\u00bb theme_builder_area=\u00bbpost_content\u00bb][wdcl_image_carousel slide_count=\u00bb1&#8243; _builder_version=\u00bb4.27.0&#8243; _module_preset=\u00bbdefault\u00bb hover_enabled=\u00bb0&#8243; global_colors_info=\u00bb{}\u00bb theme_builder_area=\u00bbpost_content\u00bb sticky_enabled=\u00bb0&#8243;][wdcl_image_carousel_child photo=\u00bbhttps:\/\/www.aquitheaterberlin.de\/wp-content\/uploads\/2024\/04\/Irene-G.-Chana-retrato.jpg\u00bb _builder_version=\u00bb4.27.0&#8243; hover_enabled=\u00bb0&#8243; global_colors_info=\u00bb{}\u00bb theme_builder_area=\u00bbpost_content\u00bb title_text=\u00bbIrene G. Chana, retrato\u00bb sticky_enabled=\u00bb0&#8243;][\/wdcl_image_carousel_child][wdcl_image_carousel_child photo=\u00bbhttps:\/\/www.aquitheaterberlin.de\/wp-content\/uploads\/2024\/08\/Irene-G.-Chana-Kunst.jpg\u00bb _builder_version=\u00bb4.27.0&#8243; hover_enabled=\u00bb0&#8243; global_colors_info=\u00bb{}\u00bb theme_builder_area=\u00bbpost_content\u00bb title_text=\u00bbIrene G. Chana, Kunst\u00bb sticky_enabled=\u00bb0&#8243;][\/wdcl_image_carousel_child][\/wdcl_image_carousel][\/et_pb_column][\/et_pb_row][\/et_pb_section]<\/p>\n","protected":false},"excerpt":{"rendered":"<p>DISE\u00d1ADORA GR\u00c1FICA, ILUSTRADORA Y PEDAGOGA DE ARTES VISUALES Irene G. ChanaIrene Gonz\u00e1lez Chana es dise\u00f1adora gr\u00e1fica e ilustradora licenciada en Bellas Artes por la Universidad de Salamanca. Vive en Berl\u00edn desde hace muchos a\u00f1os, donde cre\u00f3 el estudio \u201cenblanco\u201d, en el que produce desde proyectos ilustrados autoeditados hasta dise\u00f1o editorial, carteles y otras publicaciones para [&hellip;]<\/p>\n","protected":false},"author":1,"featured_media":0,"parent":0,"menu_order":0,"comment_status":"closed","ping_status":"closed","template":"","meta":{"_et_pb_use_builder":"on","_et_pb_old_content":"","_et_gb_content_width":"","footnotes":""},"class_list":["post-88658","page","type-page","status-publish","hentry"],"_links":{"self":[{"href":"https:\/\/www.aquitheaterberlin.de\/de\/wp-json\/wp\/v2\/pages\/88658","targetHints":{"allow":["GET"]}}],"collection":[{"href":"https:\/\/www.aquitheaterberlin.de\/de\/wp-json\/wp\/v2\/pages"}],"about":[{"href":"https:\/\/www.aquitheaterberlin.de\/de\/wp-json\/wp\/v2\/types\/page"}],"author":[{"embeddable":true,"href":"https:\/\/www.aquitheaterberlin.de\/de\/wp-json\/wp\/v2\/users\/1"}],"replies":[{"embeddable":true,"href":"https:\/\/www.aquitheaterberlin.de\/de\/wp-json\/wp\/v2\/comments?post=88658"}],"version-history":[{"count":4,"href":"https:\/\/www.aquitheaterberlin.de\/de\/wp-json\/wp\/v2\/pages\/88658\/revisions"}],"predecessor-version":[{"id":88841,"href":"https:\/\/www.aquitheaterberlin.de\/de\/wp-json\/wp\/v2\/pages\/88658\/revisions\/88841"}],"wp:attachment":[{"href":"https:\/\/www.aquitheaterberlin.de\/de\/wp-json\/wp\/v2\/media?parent=88658"}],"curies":[{"name":"wp","href":"https:\/\/api.w.org\/{rel}","templated":true}]}}

<p>[et_pb_section fb_built=»1&#8243; _builder_version=»4.27.0&#8243; _module_preset=»default» background_color=»#6894A2&#8243; custom_padding=»174px|||||» global_colors_info=»{}» theme_builder_area=»post_content»][et_pb_row column_structure=»1_2,1_2&#8243; _builder_version=»4.27.0&#8243; _module_preset=»default» animation_style=»fade» global_colors_info=»{}» theme_builder_area=»post_content»][et_pb_column type=»1_2&#8243; _builder_version=»4.27.0&#8243; _module_preset=»default» global_colors_info=»{}» theme_builder_area=»post_content»][et_pb_text _builder_version=»4.24.1&#8243; _module_preset=»default» text_font=»Roboto|600|||||||» text_text_color=»#FFFFFF» text_font_size=»12px» text_letter_spacing=»2px» text_line_height=»1em» global_colors_info=»{}» theme_builder_area=»post_content»]</p>
<div class="flex-shrink-0 flex flex-col relative items-end">
<div class="pt-0">
<div class="gizmo-bot-avatar flex h-8 w-8 items-center justify-center overflow-hidden rounded-full">
<div class="relative p-1 rounded-sm flex items-center justify-center bg-token-main-surface-primary text-token-text-primary h-8 w-8"><span>DISEÑADORA GRÁFICA, ILUSTRADORA Y PEDAGOGA DE ARTES VISUALES</span></div>
</div>
</div>
</div>
<p>[/et_pb_text][et_pb_text _builder_version=»4.24.1&#8243; _module_preset=»default» header_3_font=»Roboto Condensed|700||on|||||» header_3_text_align=»left» header_3_text_color=»#ffffff» header_3_font_size=»34px» header_3_letter_spacing=»-1px» header_3_line_height=»1.2em» custom_margin=»-5px||||false|false» custom_margin_tablet=»-15px||||false|false» custom_margin_phone=»-15px||||false|false» custom_margin_last_edited=»on|phone» header_3_font_size_tablet=»» header_3_font_size_phone=»30px» header_3_font_size_last_edited=»on|phone» global_colors_info=»{}» theme_builder_area=»post_content»]</p>
<h3><b>Irene G. Chana</b></h3>
<p>[/et_pb_text][et_pb_text _builder_version=»4.24.1&#8243; _module_preset=»default» text_font=»Roboto|300|||||||» text_text_color=»rgba(255, 255, 255, 0.8);» text_font_size=»16px» text_line_height=»1.8em» link_font=»Roboto||||||||» link_text_color=»#891F69&#8243; custom_margin=»-6px||||false|false» global_colors_info=»{}» theme_builder_area=»post_content»]</p>
<p><span style="font-weight: 400;">Irene González Chana es diseñadora gráfica e ilustradora licenciada en Bellas Artes por la Universidad de Salamanca. Vive en Berlín desde hace muchos años, donde creó el estudio “enblanco”, en el que produce desde proyectos ilustrados autoeditados hasta diseño editorial, carteles y otras publicaciones para instituciones y centros culturales. Con una formación en pedagogía dirige proyectos de arte y talleres en colegios y Kitas, muchos de ellos dirigidos a niños/as con historial migratorio. Además forma parte del equipo de Cervantes Kinder del Instituto Cervantes de Berlín. El año 2024 se suma al equipo de AQUI con talleres mutlidisciplinarios dirigidos a niñas y disidencias. Dentro de la variedad de talleres ofrecidos por Irene, están los que se enfocan en el arte gráfico y la autoedición de libros y carteles empleando diferentes técnicas de estampación.</span></p>
<p><span style="font-weight: 400;">En AQUItheater se desarrolla como pedagoga de las artes visuales. </span></p>
<p><span style="font-weight: 400;">Website: </span><a href="http://www.enblanco-studio.de/"><span style="font-weight: 400;">www.enblanco-studio.de</span></a></p>
<p>[/et_pb_text][et_pb_social_media_follow _builder_version=»4.27.0&#8243; _module_preset=»default» hover_enabled=»0&#8243; global_colors_info=»{}» theme_builder_area=»post_content» sticky_enabled=»0&#8243;][et_pb_social_media_follow_network social_network=»instagram» url=»https://www.instagram.com/enblanco_studio/» _builder_version=»4.27.0&#8243; _module_preset=»default» background_color=»#891F69&#8243; background_enable_color=»on» hover_enabled=»0&#8243; global_colors_info=»{}» theme_builder_area=»post_content» follow_button=»off» url_new_window=»on» sticky_enabled=»0&#8243;]instagram[/et_pb_social_media_follow_network][/et_pb_social_media_follow][/et_pb_column][et_pb_column type=»1_2&#8243; _builder_version=»4.27.0&#8243; _module_preset=»default» global_colors_info=»{}» theme_builder_area=»post_content»][wdcl_image_carousel slide_count=»1&#8243; _builder_version=»4.27.0&#8243; _module_preset=»default» hover_enabled=»0&#8243; global_colors_info=»{}» theme_builder_area=»post_content» sticky_enabled=»0&#8243;][wdcl_image_carousel_child photo=»https://www.aquitheaterberlin.de/wp-content/uploads/2024/04/Irene-G.-Chana-retrato.jpg» _builder_version=»4.27.0&#8243; hover_enabled=»0&#8243; global_colors_info=»{}» theme_builder_area=»post_content» title_text=»Irene G. Chana, retrato» sticky_enabled=»0&#8243;][/wdcl_image_carousel_child][wdcl_image_carousel_child photo=»https://www.aquitheaterberlin.de/wp-content/uploads/2024/08/Irene-G.-Chana-Kunst.jpg» _builder_version=»4.27.0&#8243; hover_enabled=»0&#8243; global_colors_info=»{}» theme_builder_area=»post_content» title_text=»Irene G. Chana, Kunst» sticky_enabled=»0&#8243;][/wdcl_image_carousel_child][/wdcl_image_carousel][/et_pb_column][/et_pb_row][/et_pb_section]</p>

<p>DISEÑADORA GRÁFICA, ILUSTRADORA Y PEDAGOGA DE ARTES VISUALES Irene G. ChanaIrene González Chana es diseñadora gráfica e ilustradora licenciada en Bellas Artes por la Universidad de Salamanca. Vive en Berlín desde hace muchos años, donde creó el estudio “enblanco”, en el que produce desde proyectos ilustrados autoeditados hasta diseño editorial, carteles y otras publicaciones para [&hellip;]</p>
